e of 72?
True
Is 541 a multiple of 36?
False
Is 49698 a multiple of 198?
True
Is 31 a factor of 8866?
True
Is 3017 a multiple of 18?
False
Is 115 a factor of 2875?
True
Is 12 a factor of 5254?
False
Does 62 divide 61876?
True
Does 7 divide 205?
False
Does 60 divide 4500?
True
Is 7 a factor of 776?
False
Does 4 divide 3140?
True
Is 260 a multiple of 20?
True
Is 798 a multiple of 21?
True
Does 15 divide 7695?
True
Does 8 divide 336?
True
Is 637 a multiple of 3?
False
Is 1068 a multiple of 12?
True
Is 371 a multiple of 7?
True
Is 852 a multiple of 71?
True
Is 18 a factor of 9414?
True
Is 125 a multiple of 30?
False
Does 79 divide 23384?
True
Is 98 a factor of 12348?
True
Does 146 divide 1752?
True
Is 129 a factor of 5160?
True
Is 3190 a multiple of 11?
True
Is 9405 a multiple of 9?
True
Is 65 a factor of 4290?
True
Is 10783 a multiple of 60?
False
Is 11 a factor of 1861?
False
Is 8550 a multiple of 11?
False
Is 200 a multiple of 12?
False
Is 69 a factor of 28428?
True
Does 39 divide 6961?
False
Does 30 divide 130?
False
Does 3 divide 1702?
False
Is 62941 a multiple of 285?
False
Is 115 a factor of 24380?
True
Is 34 a factor of 1102?
False
Does 9 divide 306?
True
Is 25 a factor of 3531?
False
Is 2818 a multiple of 38?
False
Is 4792 a multiple of 39?
False
Is 26506 a multiple of 159?
False
Is 18703 a multiple of 84?
False
Is 7872 a multiple of 16?
True
Is 9 a factor of 1420?
False
Is 31 a factor of 1064?
False
Is 175 a factor of 6300?
True
Is 221 a factor of 7997?
False
Is 1553 a multiple of 11?
False
Is 138 a factor of 31050?
True
Does 20 divide 39320?
True
Is 33 a factor of 1617?
True
Is 31 a factor of 15054?
False
Is 26 a multiple of 13?
True
Does 6 divide 176?
False
Is 1083 a multiple of 122?
False
Is 17 a factor of 969?
True
Is 15 a factor of 4305?
True
Is 30 a factor of 1140?
True
Does 34 divide 337?
False
Is 315 a multiple of 5?
True
Is 14580 a multiple of 48?
False
Is 32 a multiple of 4?
True
Does 51 divide 2570?
False
Is 8250 a multiple of 15?
True
Is 51620 a multiple of 290?
True
Is 34 a factor of 11424?
True
Is 920 a multiple of 5?
True
Does 9 divide 3492?
True
Is 12 a factor of 120?
True
Does 13 divide 9850?
False
Does 47 divide 3525?
True
Is 222 a factor of 21643?
False
Does 27 divide 3807?
True
Is 6905 a multiple of 5?
True
Is 4308 a multiple of 50?
False
Is 323 a multiple of 9?
False
Does 64 divide 7371?
False
Is 22464 a multiple of 9?
True
Is 680 a multiple of 20?
True
Is 2025 a multiple of 25?
True
Does 37 divide 43758?
False
Is 962 a multiple of 4?
False
Is 44 a factor of 1716?
True
Is 7095 a multiple of 55?
True
Is 20 a factor of 680?
True
Is 22 a factor of 1710?
False
Does 38 divide 2331?
False
Does 21 divide 3603?
False
Does 53 divide 2003?
False
Is 35 a factor of 17706?
False
Is 5 a factor of 553?
False
Is 12 a factor of 202?
False
Does 31 divide 31?
True
Is 147 a multiple of 19?
False
Is 17485 a multiple of 13?
True
Does 11 divide 2367?
False
Does 121 divide 4477?
True
Is 66711 a multiple of 169?
False
Does 15 divide 1370?
False
Is 7 a factor of 75?
False
Does 18 divide 630?
True
Is 21600 a multiple of 54?
True
Is 9049 a multiple of 24?
False
Is 12 a factor of 35858?
False
Is 10 a factor of 338?
False
Is 22 a factor of 15774?
True
Is 203 a factor of 43889?
False
Is 8 a factor of 13386?
False
Is 1625 a multiple of 65?
True
Is 16 a factor of 400?
True
Is 25900 a multiple of 20?
True
Does 3 divide 14110?
False
Does 34 divide 1493?
False
Is 3761 a multiple of 79?
False
Is 42 a factor of 5922?
True
Is 16 a factor of 1545?
False
Is 11 a factor of 13449?
False
Is 88 even?
True
Is 17533 a multiple of 197?
True
Is 11 a factor of 1314?
False
Is 526 a multiple of 44?
False
Is 282 a multiple of 27?
False
Does 11 divide 20676?
False
Is 6587 a multiple of 37?
False
Does 13 divide 221?
True
Is 44 a factor of 6571?
False
Is 5 a factor of 15?
True
Is 3 a factor of 82?
False
Is 11 a factor of 428?
False
Is 41 a factor of 4770?
False
Is 6746 a multiple of 17?
False
Does 170 divide 73270?
True
Is 138 a factor of 50254?
False
Does 24 divide 490?
False
Is 14 a factor of 140?
True
Is 28008 a multiple of 189?
False
Is 10 a factor of 565?
False
Is 3245 a multiple of 25?
False
Does 18 divide 21204?
True
Is 52 a factor of 128?
False
Is 5 a factor of 995?
True
Is 11 a factor of 3774?
False
Is 37 a factor of 1950?
False
Is 236 a multiple of 118?
True
Is 1760 a multiple of 40?
True
Does 13 divide 1105?
True
Is 1380 a multiple of 12?
True
Is 3450 a multiple of 6?
True
Is 10 a factor of 2558?
False
Is 15402 a multiple of 270?
False
Is 23270 a multiple of 13?
True
Does 10 divide 740?
True
Is 38 a factor of 912?
True
Is 34 a factor of 286?
False
Does 7 divide 289?
False
Is 67 a factor of 1803?
False
Does 4 divide 2344?
True
Does 21 divide 32319?
True
Is 1365 a multiple of 39?
True
Is 1210 a multiple of 10?
True
Does 28 divide 13384?
True
Does 40 divide 57?
False
Does 18 divide 1658?
False
Is 32 a factor of 1952?
True
Is 2 a factor of 1643?
False
Does 7 divide 1225?
True
Is 1638 a multiple of 26?
True
Is 18 a factor of 3894?
False
Is 12911 a multiple of 9?
False
Does 10 divide 3881?
False
Is 250 a factor of 29500?
True
Is 1151 a multiple of 13?
False
Is 25 a factor of 16075?
True
Does 82 divide 8774?
True
Does 131 divide 17554?
True
Is 262 even?
True
Is 29 a factor of 957?
True
Is 286 a multiple of 26?
True
Is 27311 a multiple of 107?
False
Does 16 divide 16297?
False
Is 33 a factor of 240?
False
Does 21 divide 336?
True
Is 3447 a multiple of 128?
False
Is 91 even?
False
Does 16 divide 27846?
False
Does 42 divide 504?
True
Does 84 divide 6726?
False
Does 12 divide 62?
False
Is 12876 a multiple of 12?
True
Is 495 a multiple of 9?
True
Is 1040 a multiple of 16?
True
Does 3 divide 107?
False
Does 16 divide 67?
False
Is 4 a factor of 19880?
True
Does 54 divide 5400?
True
Is 15 a factor of 454?
False
Is 337 a multiple of 10?
False
Is 616 a multiple of 44?
True
Is 1760 a multiple of 43?
False
Is 21978 a multiple of 11?
True
Is 4575 a multiple of 15?
True
Is 3092 a multiple of 27?
False
Is 2333 a multiple of 16?
False
Is 16 a factor of 1136?
True
Is 6552 a multiple of 78?
True
Is 12993 a multiple of 213?
True
Does 174 divide 106853?
False
Is 6 a factor of 5874?
True
Is 5572 a multiple of 28?
True
Does 88 divide 4048?
True
Does 16 divide 6493?
False
Is 38906 a multiple of 49?
True
Is 138462 a multiple of 419?
False
Does 30 divide 16200?
True
Is 79001 a multiple of 37?
False
Does 172 divide 18467?
False
Is 9654 a multiple of 72?
False
Is 27 a factor of 1269?
True
Is 11 a factor of 77?
True
Is 143 a factor of 2921?
False
Is 11 a factor of 22?
True
Is 6566 a multiple of 14?
True
Is 2940 a multiple of 6?
True
Is 40672 a multiple of 41?
True
Does 32 divide 160?
True
Is 455 a multiple of 65?
True
Is 714 a multiple of 6?
True
Is 33 a factor of 1876?
False
Is 71520 a multiple of 15?
True
Is 16 a factor of 2336?
True
Is 22 a factor of 2068?
True
Is 2346 a multiple of 103?
False
Is 3751 a multiple of 9?
False
Is 17 a factor of 9027?
True
Is 22 a factor of 5522?
True
Is 8 a factor of 121?
False
Is 5 a factor of 4280?
True
Is 53 a factor of 6095?
True
Does 13 divide 7254?
True
Is 1025 a multiple of 25?
True
Does 8 divide 104?
True
Is 20 a factor of 91262?
False
Does 17 divide 2484?
False
Is 25 a factor of 19275?
True
Is 67 a factor of 13553?
False
Is 62 a factor of 18640?
False
Is 3002 a multiple of 19?
True
Is 12 a factor of 11322?
False
Does 85 divide 1190?
True
Does 19 divide 11609?
True
Is 6431 a multiple of 28?
False
Is 6 a factor of 1170?
True
Does 70 divide 1050?
True
Is 7 a factor of 2184?
True
Is 8107 a multiple of 31?
False
Is 5979 a multiple of 12?
False
Does 17 divide 38265?
False
Is 23 a factor of 38272?
True
Is 65 a factor of 20410?
True
Is 79040 a multiple of 152?
True
Is 17 a factor of 13861?
False
Is 104960 a multiple of 320?
True
Is 30 a factor of 5780?
False
Does 2 divide 1883?
False
Is 198 a multiple of 33?
True
Is 23 a factor of 1376?
False
Is 168 a factor of 20778?
False
Is 1950 a multiple of 30?
True
Is 12 a factor of 438?
False
Is 561 a multiple of 33?
True
Does 17 divide 5210?
False
Is 10881 a multiple of 30?
False
Is 47 a factor of 10640?
False
Does 124 divide 4429?
False
Is 14858 a multiple of 323?
True
Does 8 divide 23982?
False
Is 14 a factor of 